 = 351973*g + 1760045. Determine n(-5).
180
Let q(h) = -2*h**2 + 2311*h - 580854. Give q(786).
0
Let v(t) = -4*t**2 - 177*t + 1372. Calculate v(-51).
-5
Let j(p) = 37384*p - 4710386. Determine j(126).
-2
Let p(d) = -12198*d - 256167. Calculate p(-21).
-9
Let x(n) = 24125*n - 1519737. Determine x(63).
138
Let x(j) = -2*j**3 - 13*j**2 - 71*j - 781. Calculate x(-8).
-21
Let l(c) = 171*c - 491. What is l(-9)?
-2030
Let o(c) = -2*c**3 + 69*c**2 - 61*c + 3280. Calculate o(35).
-80
Let v(f) = 25*f**2 + 253*f - 161. Give v(-16).
2191
Let q(c) = -3*c**2 + 405*c + 3379. Calculate q(143).
-53
Let z(i) = 7*i**3 - 59*i**2 + 245*i + 36. What is z(5)?
661
Let x(s) = 1880*s - 13206. Give x(7).
-46
Let t(l) = -2*l**2 - 5477*l + 561834. Give t(99).
9
Let o(z) = z**2 + 2109*z + 8428. Give o(-4).
8
Let m(b) = b**2 - 414544*b - 19900419. Give m(-48).
-3
Let a(o) = -26*o**2 - 3930*o + 7253. Calculate a(-153).
-91
Let k(n) = 64516*n - 47. Give k(0).
-47
Let b(a) = -210681*a - 210733. Give b(-1).
-52
Let u(y) = -5893*y + 5894. Calculate u(1).
1
Let i(v) = 506*v**2 - 56182*v + 1854. Give i(111).
78
Let u(n) = -9*n**3 + 9*n**2 + 49*n + 73. Calculate u(-2).
83
Let w(r) = -9*r**2 + 240*r + 314. Determine w(33).
-1567
Let y(b) = 240*b**2 + 25440*b + 20. What is y(-106)?
20
Let v(t) = 14*t**3 + 156*t**2 + 32*t + 173. Calculate v(-6).
2573
Let n(c) = -c**3 + 11*c**2 + 107*c - 949. What is n(8)?
99
Let x(f) = 830*f - 6588. Calculate x(8).
52
Let d(q) = 3*q**3 + 3*q**2 + 129*q + 423. What is d(-3)?
-18
Let b(j) = -271*j - 62077. Determine b(-229).
-18
Let q(f) = 3*f**3 + 50*f**2 + 164*f + 1324. What is q(-15)?
-11
Let v(g) = g**2 + 1445*g - 30792. Calculate v(21).
-6
Let o(j) = 11259*j + 112441. What is o(-10)?
-149
Let a(i) = -3*i**3 - 66*i**2 + 2409*i + 2226. Give a(20).
6
Let g(j) = -2*j**2 - 1016*j - 73894. Calculate g(-88).
26
Let p(y) = 5*y**3 - 245*y**2 - 308*y + 15066. Determine p(49).
-26
Let w(x) = -x**3 + 6*x**2 - 4542*x + 22679. Calculate w(5).
-6
Let a(f) = -71*f**2 + 3395*f - 309. What is a(48)?
-933
Let n(k) = 8416*k + 2381701. Determine n(-283).
-27
Let t(l) = -96719*l - 1934386. Calculate t(-20).
-6
Let a(x) = 1374*x - 82425. Calculate a(60).
15
Let u(q) = -q**2 + 629*q + 51669. Determine u(-74).
-353
Let f(t) = -t**3 + 11*t**2 + 86*t + 275. Calculate f(17).
3
Let f(a) = 4*a**3 - 665*a**2 + 268*a - 16839. Calculate f(166).
93
Let p(a) = -a**3 - 47*a**2 + 33955*a + 1658983. Give p(-49).
-10
Let m(v) = -10*v**2 + 318*v - 2267. Calculate m(21).
1
Let z(n) = -37*n**3 + 313*n**2 - 384*n + 4. What is z(7)?
-38
Let w(q) = -1044*q - 2213. Determine w(-3).
919
Let g(y) = -2388172*y + 14329026. Determine g(6).
-6
Let x(k) = 509*k - 13682. Determine x(27).
61
Let m(g) = -379*g - 322. Calculate m(4).
-1838
Let k(l) = 953*l + 30500. Give k(-32).
4
Let h(c) = -300121*c + 600282. Give h(2).
40
Let i(v) = 7*v**3 + 104*v**2 - 720*v + 37. Calculate i(-20).
37
Let v(q) = q**3 - 225*q**2 - 22*q + 4312. Calculate v(225).
-638
Let m(p) = 8*p**3 + 153*p**2 - 306*p - 191. What is m(-21)?
-380
Let n(g) = 6*g**2 - 656*g + 9095. Give n(16).
135
Let i(t) = -6*t**2 + 364*t - 5450. Give i(26).
-42
Let b(i) = -i**3 + 108*i**2 - 717*i + 10779. Calculate b(102).
69
Let p(h) = -h**2 + 34424*h + 309913. Give p(-9).
16
Let d(m) = 58501*m + 5089596. Determine d(-87).
9
Let n(w) = -52452*w - 576926. Give n(-11).
46
Let f(a) = -300*a + 16719. Determine f(55).
219
Let w(n) = -4*n**2 - 2740*n + 169128. Determine w(57).
-48
Let o(g) = g**3 + 58*g**2 + 27182*g + 1576533. Determine o(-58).
-23
Let k(m) = 2*m**3 + 2*m**2 - 22*m + 187. Calculate k(0).
187
Let c(v) = -v**3 - 406*v**2 - 32743*v + 584. Determine c(-295).
-6
Let v(t) = 399*t - 115921. Calculate v(290).
-211
Let g(d) = -144537*d + 1156412. Give g(8).
116
Let a(j) = -23*j**2 + 3456*j - 59917. Calculate a(20).
3
Let k(i) = -i**2 - 98*i + 6181. What is k(-142)?
-67
Let m(d) = -105469*d - 19. Calculate m(0).
-19
Let x(d) = -2*d**2 - 15138*d - 8324563. Give x(-597).
5
Let h(d) = -5*d**2 - 117*d - 859. Determine h(-10).
-189
Let z(s) = 14*s**3 + 129*s**2 + 34*s + 74. Calculate z(-9).
11
Let l(f) = 8*f**3 - 27*f**2 + 5279*f - 21100. What is l(4)?
96
Let f(q) = 8*q**3 - 5726*q**2 + 4290*q + 118. Give f(715).
118
Let y(o) = o**3 - 554*o**2 + 37524*o + 82. What is y(79)?
3
Let c(k) = 189*k - 11005. Determine c(57).
-232
Let y(s) = 6*s**2 - 155*s + 676. Determine y(4).
152
Let q(f) = 541*f + 484721. Calculate q(-896).
-15
Let y(t) = t**3 - 57*t**2 - 171*t + 3809. Calculate y(59).
682
Let r(c) = 2*c**3 - 19*c**2 + 38*c - 9. Determine r(8).
103
Let p(g) = g**3 - 6*g**2 + 193*g - 2360. Give p(10).
-30
Let z(j) = -9113*j + 2. Calculate z(0).
2
Let v(u) = -21850*u + 436953. Determine v(20).
-47
Let o(t) = t**3 + 201*t**2 + 3780*t + 265. Determine o(-180).
265
Let d(y) = -863*y + 12195. Give d(14).
113
Let c(m) = -m**3 + 93*m**2 + 1028*m + 8. Calculate c(-10).
28
Let v(w) = -w**3 - 6*w**2 + 3723*w - 268. Calculate v(58).
370
Let a(f) = -424*f**2 - 246*f - 727. Calculate a(-3).
-3805
Let n(l) = -105234*l - 3472719. Determine n(-33).
3
Let k(h) = -975*h - 31182. Give k(-32).
18
Let p(t) = t**3 - 241*t**2 - 1965*t + 211. Determine p(-8).
-5
Let p(v) = v**2 + 304293*v + 5476956. Calculate p(-18).
6
Let j(a) = -36*a**2 - 10439*a - 10148. Give j(-289).
-33
Let d(t) = -t**3 - 853*t**2 - 5096*t + 6. Calculate d(-6).
90
Let q(v) = 2*v**2 - 147*v + 1596. Give q(31).
-1039
Let d(p) = -4334*p - 5096782. What is d(-1176)?
2
Let o(n) = 177710*n + 4087331. What is o(-23)?
1
Let b(z) = -14*z**3 + 18*z**2 + 97*z + 23. Calculate b(-4).
819
Let w(z) = -12584*z + 19140264. Calculate w(1521).
0
Let d(v) = -414073*v + 4554798. What is d(11)?
-5
Let y(n) = 86*n**3 + 125*n**2 + 397*n + 35. Determine y(-3).
-2353
Let c(u) = -u**3 + 11*u**2 + 4047*u - 24482. Determine c(6).
-20
Let x(i) = -9543*i + 75. Give x(0).
75
Let p(i) = -25043*i - 951623. Give p(-38).
11
Let v(n) = 16*n**3 - 411*n**2 - 1655*n + 11. Determine v(-4).
-969
Let i(f) = -275*f - 57768. Give i(-210).
-18
Let b(w) = 2*w**3 + 92*w**2 - 30*w + 3006. Determine b(-47).
-2
Let t(s) = 1873*s**2 + 50*s - 59. Give t(1).
1864
Let w(z) = 129*z**3 - 5*z**2 - 211*z + 689. Give w(3).
3494
Let m(n) = -n**2 - 1267*n - 24961. What is m(-20)?
-21
Let a(k) = -4210*k + 20983. Give a(5).
-67
Let a(x) = -36*x**2 - 1581*x - 85. Calculate a(-44).
-217
Let m(s) = 5911*s + 8490. Determine m(-1).
2579
Let p(t) = 1919*t - 15343. Determine p(8).
9
Let b(t) = -5671*t - 243854. Calculate b(-43).
-1
Let c(x) = 14*x**2 - 399*x + 301. Calculate c(28).
105
Let j(p) = 3*p**3 - 124*p**2 + 994*p + 28. What is j(11)?
-49
Let c(l) = 553*l**2 - 1093*l - 3272. Calculate c(-3).
4984
Let a(z) = 36*z**2 - 839*z - 40869. Determine a(-24).
3
Let f(d) = -259*d + 35232. Give f(131).
1303
Let a(d) = -41*d**3 + 2*d**2 - 63*d + 129. Calculate a(2).
-317
Let v(t) = 2*t**3 + 132*t**2 - 666*t - 35684. What is v(-67)?
-40
Let n(f) = 21929*f + 21991. Calculate n(-1).
62
Let v(r) = r**2 + 338*r - 12494. Give v(33).
-251
Let o(d) = 13*d**3 - 255*d**2 + 136*d + 44. Give o(19).
-260
Let d(z) = -2633*z + 76326. What is d(29)?
-31
Let l(x) = 162*x - 9032. Determine l(56).
40
Let k(v) = -3*v**2 + 1685*v - 13360. Determine k(8).
-72
Let t(i) = -i**3 - 110*i**2 + 350*i - 1531. What is t(-113)?
-2774
Let v(w) = w**2 - 52*w - 109. Give v(41).
-560
Let s(k) = -2*k**2 + 452*k - 19057. Calculate s(166).
863
Let j(r) = -9*r**3 + 161*r**2 + 15*r + 84. Give j(18).
30
Let d(h) = -26784*h - 26792. Give d(-1).
-8
Let i(n) = -7173*n - 10062. Determine i(-2).
4284
Let x(o) = 237*o - 1925. Determine x(3).
-1214
Let v(d) = 113038*d**2 + 7234431*d - 71. Give v(-64).
-7
Let m(s) = s**3 + 109*s**2 + 45*s + 4041. Determine m(-109).
-864
Let a(f) = f**3 - 6*f**2 - 600*f + 4650. Calculate a(8).
-22
Let a(q) = 40305*q - 443350. What is a(11)?
5
Let o(x) = -5237*x - 240916. What is o(-46)?
-14
Let g(v) = -7*v**3 + 2*v**2 - 12075*v - 36215. Give g(-3).
217
Let q(m) = m**3 + 94*m**2 + 1884*m + 1013. Give q(-28).
5
Let s(i) = 1644*i - 3684. Calculate s(2).
-396
Let b(y) = -1882*y + 41141. Give b(22).
-263
Let t(o) = o**3 + 135*o**2 + 3002*o + 58. Calculate t(-28).
-110
Let h(b) = 155*b**2 - 593*b - 75. Give h(4).
33
Let j(v) = -3*v**3 + 885*v**2 - 23152*v + 2665. What is j(266)?
5
Let a(b) = 19346*b - 2